97 + 1502. Calculate the remainder when 277 is divided by a.
2
Suppose 0 = 3*b - 4*n + 29, -5*b - 38 + 13 = -2*n. Calculate the remainder when 705/6 - b/6 is divided by 1 + 4 - (-14)/(-3 - -10).
6
Let r = 18675 - 18651. What is the remainder when 739 is divided by r?
19
Let z(n) = 237*n**2 + 152*n - 521. Calculate the remainder when z(4) is divided by 969.
3
Let w(h) = -h**2 + 16*h - 42. Let k be (-1 - -7) + 76/(-19). What is the remainder when ((-6)/3 + 174)/k is divided by w(6)?
14
Let y be 803/33 - (-4)/6. Suppose -655 = -y*p + 320. What is the remainder when p is divided by 10?
9
Let u(s) = 3*s - 10. Let r be u(-12). Let q = -44 - r. Suppose -2*h + 5*l + 3 = 12, -q*h - 2*l = -26. What is the remainder when 21 is divided by h?
5
Let a = -2465 + 2530. What is the remainder when 68 is divided by a?
3
Calculate the remainder when 986/4 + 126/(-84) is divided by 118.
9
Let i(x) be the first derivative of 4*x**3/3 + 9*x**2/2 + 4*x - 43. Calculate the remainder when i(11) is divided by 84.
83
Let f(u) = -3*u - 17. Let c(s) = -2*s - 17. Let n(a) = 6*c(a) - 5*f(a). Suppose b = -4*b + 40. Calculate the remainder when 16 is divided by n(b).
2
Let a = -2539 - -2637. What is the remainder when 152 is divided by a?
54
Let w be 9/15 + (-51)/(-15). Suppose -8*p + 28 = -w. Suppose -5*a + 8*a - 689 = -5*j, -p*a = 5*j - 687. Calculate the remainder when j is divided by 35.
34
Let d(o) = -164*o - 486. Let k = -99 + 108. What is the remainder when k is divided by d(-3)?
3
Suppose 5*j = -r - 0*j + 114, -r + 138 = -3*j. What is the remainder when r is divided by 94?
35
Suppose -l + 3*p + 11345 = -0*p, l - 11352 = 4*p. What is the remainder when l is divided by 24?
20
Suppose -3*x + 5*f = -952, -5*x + 3*f - 816 + 2392 = 0. Calculate the remainder when x is divided by 54.
44
Suppose -5*j + 725 - 103 = -3*a, 2*j - a - 248 = 0. What is the remainder when j is divided by 21?
17
Suppose -5*g + 50 = -0*g. Calculate the remainder when (-2 + 19 + -15)/(-1*(-1)/74) is divided by g.
8
Let c(h) = h**2 + 77*h - 4673. Calculate the remainder when 1293 is divided by c(-117).
5
Calculate the remainder when (117 - -434) + -8 + 2 is divided by 135.
5
Let m(a) = -8*a**2 + 5 - 2*a**2 - 18*a + 6 + 8*a**2. What is the remainder when 59 is divided by m(-9)?
4
Suppose a + 18 + 0 = 4*o, a = 2*o - 6. Let z(s) = -s + 6. Calculate the remainder when o is divided by z(2).
2
Let r(l) = -2*l**2 + 92*l - 934. Suppose 5*g = -125 + 325. What is the remainder when r(25) is divided by g?
36
Suppose 10*p + 48 - 268 = 0. Suppose 0 = -17*a + 18*a - p. Calculate the remainder when -3 - (2 + 3 + -116) is divided by a.
20
Let v(x) = 7*x - 36. Let y be v(5). What is the remainder when (-1 + 236)*((-10)/25 - y) is divided by (-330)/(-9) + (-2)/3?
33
Suppose -3*j + 18 = -3*w, 5*j + 0*j = -3*w - 18. Let m(f) = 2*f**2 - 7*f - 68. Calculate the remainder when 271 is divided by m(w).
41
Suppose -130*u + 128*u + 6664 = 0. Calculate the remainder when u is divided by 101.
100
Let i(s) = 15*s + 56. What is the remainder when i(26) is divided by 32?
30
Calculate the remainder when (250/6)/(2/30) is divided by 7.
2
Suppose -10*i + 15*i = 25. Suppose 2*n + 3*t - 40 = 3*n, 135 = -i*n + 2*t. Let o = -21 - n. Calculate the remainder when o is divided by 1.
0
Let p = 74 - 71. Let a(t) = 15*t + 4. Let w(y) = 15*y + 4. Let l(f) = p*a(f) - 2*w(f). What is the remainder when l(1) is divided by 10?
9
Suppose -4*p + 2*c = -1468, 5*c - 296 - 462 = -2*p. What is the remainder when p is divided by 10?
9
Let u = 12299 - 12215. Calculate the remainder when 251 is divided by u.
83
Let f(b) = -71*b + 2778. Calculate the remainder when 278 is divided by f(38).
38
Let k(n) = 14*n**2 + 5*n - 12. Let s be k(3). Let t = 146 - s. Calculate the remainder when 49 is divided by t.
15
Let o(k) = -8 - 4 - k**2 - 17*k - 3. Let y = -347 + 357. What is the remainder when o(-13) is divided by y?
7
Let x(c) = -c**2 + 48*c - 85. Calculate the remainder when 1325 is divided by x(2).
2
Suppose -2*j + 4*d = 2*j - 20, -5 = -5*j - 5*d. Let q be 1026/(-45)*j/(9/(-10)). Let w = q - 37. What is the remainder when w is divided by 21?
18
Let x(q) = q**2 + 20*q + 40. Let b be x(-19). Let t be b/84 + 1842/(-8). What is the remainder when 50 is divided by t/(-14) - 8/(-14)*1?
16
Suppose 9226 = -28*w - 5754. Let i = 554 + w. What is the remainder when 91 is divided by i?
15
Let l(y) = -10*y + 6*y**2 - 4*y - 6*y - 67 + y**2 + 6*y. Calculate the remainder when l(-6) is divided by 18.
17
Suppose -240 = -60*p + 57*p. Let m = 42 + p. Let a = -48 + 79. What is the remainder when m is divided by a?
29
Let q = -154 + 139. Calculate the remainder when 407 is divided by q/(4/((-16)/6)).
7
Let o(b) = b**3 - 3*b**2 + 4*b - 2. Let i be o(2). Let j(g) = 5*g**3 + 7*g**2 - 19*g + 5. Calculate the remainder when 244 + i/4*-2 is divided by j(2).
33
Suppose 3*o - 33 = 3*h, 5*h = -2*o + 41 + 44. What is the remainder when 30 is divided by o?
10
Let k(t) = -t**2 + 17*t + 148. Let z be k(-6). Suppose 3*n = 136 - z. Suppose x + 0*x = 208. What is the remainder when x is divided by n?
40
Let r be (72/(-45))/(2*(-3)/435). Suppose 4*o + 2*w - r = 0, w = 5*o - o - 110. What is the remainder when 32 is divided by o?
4
What is the remainder when 1079 is divided by 0 + 52 - (0/(-16) + 5)?
45
Suppose -l + 6378 = 94*l - 13857. Calculate the remainder when 656 is divided by l.
17
Let y(j) = 6*j + 131. Let r be y(-8). Suppose -5859 = -r*m + 52*m. What is the remainder when m is divided by 28?
21
Let z be (0 - 4/6) + (-34)/102. Calculate the remainder when 24 is divided by 5*((-39)/5 - -5)*z.
10
Let f be (-1082)/8 - (1 + 2/(-8)). Let d = f - -191. What is the remainder when 117 is divided by d?
7
Let r = -669 - -660. What is the remainder when 99 is divided by (-1)/r - (-25520)/522?
1
Suppose 0 = -4*x - 4*x + 32. Suppose 5*h - 33 = -8. Suppose 59 = x*n - h*a, -3*n + 0*a + 4*a = -45. What is the remainder when 32 is divided by n?
10
Suppose 4*g - 83 = l - 13, -5*l - 318 = -4*g. Calculate the remainder when (-32)/5 + l/(-155) + 14 is divided by 2.
0
Suppose 2*f = -x - 580, -4*f - 4*x - 1456 = f. Let z = 419 + f. Suppose z = c + 2*c + 5*t, 2*t - 193 = -5*c. Calculate the remainder when c is divided by 10.
7
Suppose m + 7 = h, 4*m - 5 = 5*m. Let f(t) = -t**3 + 3*t**2 - 2*t + 2. Calculate the remainder when 8 is divided by f(h).
0
Let s(l) = -l**3 + 14*l**2 + l + 1. Suppose 4*c - i + 31 = -27, -49 = 3*c + 2*i. Calculate the remainder when s(13) is divided by ((-370)/c)/((-2)/(-3)).
35
Let y(v) = 35*v. Suppose 0 = 5*x + 339 + 1561. Let k = -370 - x. What is the remainder when y(1) is divided by k?
5
Suppose 0 = -5*q + 928 + 1102. Suppose 3*u = -2*u - 4*b + q, 3*u = -5*b + 254. What is the remainder when u is divided by 1098/244 + 14/4?
6
Let f = 439 + -433. Suppose l = -3*d + 10, 4*d - 34 = 4*l + f. What is the remainder when 27 is divided by d?
2
Let w = 219 + -89. Suppose 11*g - w = g. What is the remainder when 64 is divided by g?
12
Let n = -595 + 604. Let j(l) = 42*l + 6. What is the remainder when j(n) is divided by 43?
40
What is the remainder when (12/(-8))/(214/24 - 9) is divided by 6?
0
Suppose 2*c - 7*c + 55 = 0. Let g = c - 92. Let j = -53 - g. What is the remainder when 53 is divided by j?
25
Let p(w) = 122*w**2 - 63*w + 123. Let b be p(2). Let z = 563 - b. Calculate the remainder when 231 is divided by z.
75
Let k be (4 - 7)/12 - (-281)/4. Let y = -44 + k. Calculate the remainder when 72 is divided by y.
20
What is the remainder when 1060 is divided by (19 - 65)*(-4 + -19)?
2
Suppose 0 = 107*n - 109*n + 744. Calculate the remainder when n is divided by 109.
45
Suppose -4*v + 3*s = -6*v + 10, -2*s = 2*v - 8. Let l(w) = 3*w**3 + 3*w**2 + w - 3. Calculate the remainder when l(v) is divided by 26.
9
Suppose 0 = -4*l - 0 - 4, -2*p + 16 = -2*l. Let v(q) = q**3 - 4*q**2 - 10*q + 18. What is the remainder when v(p) is divided by 33?
29
Let s be (-4380)/(-48) - (-1)/(-4). Let x = s + -81. Calculate the remainder when 29 is divided by x.
9
Suppose -61 - 27 = 2*a. Let w be -2 + a/(-16) + (-52)/(-16). Suppose -3*v - w*v = -525. Calculate the remainder when v is divided by 39.
36
Suppose 2*m + x + 35 = 177, 0 = -2*m + 4*x + 152. Let c(f) = 214*f**3 + 2*f**2 - 2*f + 1. Calculate the remainder when 